Give o(5).
7
Let q(h) be the second derivative of -1/6*h**3 + 0 + 4*h + 7/2*h**2. What is q(5)?
2
Let u(d) be the second derivative of -d**5/20 - d**4/3 + 2*d**3/3 + d**2 + d. Let l be (-3 - -2)*(4 + 1). Give u(l).
7
Let h(b) = b - 11. Let j be h(8). Let t be (j - -6)*(-3 + 2). Let p(o) = -o + 2. Calculate p(t).
5
Let u(s) be the third derivative of -s**4/12 + 5*s**3/6 - 8*s**2. What is u(6)?
-7
Let t(p) = p**2 + 5*p + 7. Let r(d) = -d**2 + 11*d - 15. Let x be r(10). Calculate t(x).
7
Suppose j = -0*j - 5, 5*n - 10 = j. Let y(o) = -7 + 5 + n + 2*o. Determine y(3).
5
Let k(l) = -3*l**2 - l. Let c be 9/(-2)*(-14)/21. Suppose 2*o - 6 = c*f, 0*o + 6 = -3*f + o. Determine k(f).
-10
Let s(i) = -i**2 + 27*i**3 - 2*i**2 + 1 + 4*i - 29*i**3. What is s(-3)?
16
Let t(h) be the third derivative of -h**7/5040 - h**6/80 + h**5/15 - 3*h**2. Let i(y) be the third derivative of t(y). Give i(-6).
-3
Let i = -29 - -37. Let x(q) = q**3 - 7*q**2 - 9*q + 11. Give x(i).
3
Suppose -3*h + 2*h + 5 = 0. Suppose -o - h = -6*o. Let m(t) be the third derivative of -t**5/60 - t**4/24 + t**3/6 + t**2. Give m(o).
-1
Suppose 3*j = j + 2. Let d(a) = -8*a - 1. Give d(j).
-9
Suppose 18 = -4*g + 2*g. Let v(k) = -k**3 - 9*k**2 - k - 12. Calculate v(g).
-3
Let i(q) be the third derivative of -q**5/60 - 11*q**3/6 + 11*q**2. What is i(0)?
-11
Let b(x) = -9*x**2 - 3*x + 33*x**2 + 2*x. What is b(1)?
23
Let z(v) = -v**2 + 5*v - 2. Let f(i) = 2*i**2 - 10*i + 5. Let j(g) = -3*f(g) - 7*z(g). Let u(y) = -y - 1. Let m be u(1). Let b be 3/1 - 4/m. Give j(b).
-1
Let r(m) be the first derivative of -m**2/2 + 5*m + 13. Determine r(3).
2
Let l(i) be the second derivative of -i**2 + 0 + i + 1/2*i**3. Give l(4).
10
Let i be (-114)/19 + 4/1. Let m(w) = 5*w**3 + 7*w**2 + 2*w + 5. Let l(c) = -6*c**3 - 8*c**2 - 3*c - 6. Let g(y) = 4*l(y) + 5*m(y). Give g(i).
9
Let i(f) = -3*f - 8. Let l be i(-7). Suppose -5*d + l = k, -3*k - d = 2 + 1. Let q(b) = -b. Give q(k).
2
Let h(d) = d**3 - 3*d**2 + 17. Let g(n) = 3*n**3 - 8*n**2 + 50. Let j(q) = -3*g(q) + 8*h(q). What is j(0)?
-14
Let i(u) = 2*u + 5. Let m = 4 + -10. Let h(q) = 2*q + 7. Let a be h(m). Determine i(a).
-5
Let i(s) be the first derivative of -s**4/4 + s**3 - 5*s**2/2 + 2*s + 11. Give i(3).
-13
Suppose 4*j + 48 = -5*o, -33 = 5*o + 5*j + 17. Let k be 10/6 - o/(-12). Suppose -3*w + k - 4 = 0. Let f(v) = -6*v. Calculate f(w).
6
Let f(j) = -2*j - 2. Let d(s) = s**2 + s + 1. Let m be d(-2). Suppose 12 = -5*v - m. Let l be v/2*8/6. Calculate f(l).
2
Let q = 2 - -1. Suppose -3*c + q = -0*c. Let z be c/3 - (-56)/12. Let n(h) = 2*h - 7. Give n(z).
3
Suppose -3*m = -7*m + 4. Suppose -2*w + 3*w = 4. Suppose 0 = -d + w - m. Let t(h) = h**3 - 4*h**2 + 2*h - 1. Give t(d).
-4
Let w = 13 + -3. Let i(j) = 16*j - w*j - 7 + 2 + j**2. What is i(-6)?
-5
Let k be 2 + (-3)/3 + 6 + -4. Let g(b) = b**3 - b**2 - 5*b + 2. Calculate g(k).
5
Let a(y) = -6*y**2 + 2*y - 1. Suppose 3 - 5 = -2*u. Let d be a(u). Let p(x) = -x**3 - 2*x**2 - 4*x**2 - 6 - 7*x + 0*x**3. Give p(d).
4
Let h(z) = -2*z + 2. Let g(b) = b - 2. Let r(v) = g(v) + h(v). Suppose -a - 5*k - 19 = 0, 2*a + 3*a - k - 9 = 0. Calculate r(a).
-1
Let f(x) = x**2 - x - 13. Let b(c) = -c - 4. Let t be b(-4). Determine f(t).
-13
Suppose -3*v + 2 = r, 3*v + 2*r + r = 0. Let p(f) = -5*f**3 - 2*f + 1. Determine p(v).
-6
Let r(s) = 2 - 2 - 4*s - s**2 + 1. Calculate r(-4).
1
Let q(k) = -k - 1. Suppose 22 = 2*x - 28. Suppose -10 = 3*m - 5*m + y, -3*y = 0. Suppose -x = -m*r - 0*r. Calculate q(r).
-6
Let c(g) = -g - 5. Let d be (-4)/32 - 47/8. What is c(d)?
1
Let c(j) = j**2. Let o(l) = l**2 - 1. Let f(m) = -3*c(m) + 2*o(m). Let y be (-6)/(-15) + 2/(-5). Let p be y/(1 + (-4)/(-4)). Determine f(p).
-2
Let y be 6/(-27) - (-29)/9. Let a(l) = 4*l - 8. Let g(k) = 3*k - 8. Let z(m) = y*g(m) - 2*a(m). Calculate z(0).
-8
Let p(k) be the second derivative of -4*k**3/3 - k. Let d be 1*(0 + 1 + -2). Give p(d).
8
Let l(g) = 1 - 3*g + 0*g + 0*g + g. Let q = 5 - 4. What is l(q)?
-1
Let t(v) = -v**2 - v + 1. Let x(w) = w**2 - 1. Let l(p) = 3*t(p) + x(p). Determine l(-3).
-7
Suppose -3*r - 12 = 0, -r = -2*c + 6*c - 20. Let y(f) = -c*f**2 + 0*f**3 - 4*f - 2 + 8 - f**3. Let l be (-1)/((2/(-10))/(-1)). Give y(l).
1
Let p(r) be the second derivative of -r**5/20 + r**4/2 - 2*r**3/3 + 5*r**2/2 - 4*r. Calculate p(5).
10
Let n be 12/(-10)*(-15)/6. Let h(g) = 2*g**3 + g**2 - 2*g + 4 - 3*g**3 + 2*g**2. Give h(n).
-2
Suppose -4*m = -6*m + 2. Suppose -5*t + 11 = m. Let k(f) = 3 + f**3 - 3*f**2 + 7*f**t - 3*f**2. Calculate k(0).
3
Let a(m) = -3*m + 1. Let s(f) = 4*f - 1. Let r(v) = -3*a(v) - 2*s(v). Let z(c) = 2*c. Let p(i) = r(i) + z(i). What is p(-1)?
-4
Let j(i) be the second derivative of 1/6*i**3 + i**2 - 1/24*i**4 + 0 - 2*i. Let q(f) be the first derivative of j(f). Determine q(-2).
3
Let b(y) be the third derivative of -y**7/2520 - y**6/240 + y**5/120 + y**4/6 - 3*y**2. Let q(t) be the second derivative of b(t). Calculate q(2).
-9
Let k(m) = -m**3 + m**2 + m + 2. Let d(s) = -s - 8. Let c be (-2)/8 + 62/(-8). Let y be d(c). Determine k(y).
2
Let z(t) = -t**3 - 4*t**2 - 7*t - 4. Let h(p) = 6*p - 20*p - 5 - 3 - 2*p**3 + 8*p**2 - 17*p**2. Let l(o) = 3*h(o) - 5*z(o). Calculate l(-6).
2
Let u = -16 - 2. Let n(j) = j**2. Let z(m) = 8*m**2. Let t(r) = u*n(r) + 2*z(r). Suppose -d - d + 5 = g, 0 = 2*d - 4. Give t(g).
-2
Let s(g) = g**2 - g + 1. Let f be s(2). Suppose -f*m = 5*n - 18, -m - 2 = 2*n - 3*n. Suppose -4*j - m + 13 = 0. Let q(x) = x**2 - x. Give q(j).
6
Let v(o) = -o**3 + 5*o**2 - 4*o. Let i = 107 - 104. Give v(i).
6
Let v(s) = s**3 + 5*s**2 - 6*s - 8. Let q(t) = 3*t - 12. Let a be q(2). Determine v(a).
-8
Let p(n) = -n**3 - n**2 + n + 1. Suppose 0 = -7*r + 14 + 35. Suppose 0 = -r*o + 11*o. Give p(o).
1
Let o(j) = 7*j**2 + j - 10. Let x(r) = -8*r**2 - 2*r + 11. Let q(c) = 6*o(c) + 5*x(c). Give q(4).
11
Let f(p) = p - 11. Suppose 6*w + 102 = 23*w. Determine f(w).
-5
Let k(y) be the second derivative of -y**4/12 + y**3/6 - y**2/2 - 11*y. Determine k(-2).
-7
Let n(l) be the third derivative of -l**5/60 - l**4/2 - 4*l**3/3 - 41*l**2. Determine n(-8).
24
Let q(k) be the third derivative of -k**5/60 + 7*k**4/24 - k**3 + 18*k**2. Let b = -2 - -2. Suppose -3*x + b + 18 = 0. What is q(x)?
0
Suppose 0 = 3*i + 4*i. Let c(j) = -j + 2. Determine c(i).
2
Let a(h) = -h**2 + 8*h - 9. Let d be a(7). Let y(z) = -z**2 - 2*z - 2. Calculate y(d).
-2
Let b(r) = r. Suppose -2*q = 4*y - 36, 5*y - 60 + 15 = -4*q. Let n be y/(-6)*6/9. Let c(s) = -s**2 + 6*s + 3. Let w(p) = n*c(p) + 6*b(p). Calculate w(3).
6
Let q(k) = -k**3 + 18*k**2 + 20*k - 26. Let x be q(19). Let i(s) = s + 6. Determine i(x).
-1
Let b(k) = 7*k - 9. Let v(h) = -h. Let t(p) = -b(p) - 3*v(p). Give t(6).
-15
Let b(m) = -3*m + 7. Let a = -51 - -57. Calculate b(a).
-11
Let r(h) be the second derivative of h**3 + 24*h. Calculate r(-1).
-6
Let m(g) = 3*g - 4. Let s = 9 + -21. Let f = s + 8. Let h(r) = 3*r - 5. Let n(p) = f*h(p) + 5*m(p). Calculate n(1).
3
Suppose 4*t - 18 = -c, 4 = 5*t - c - 14. Let s be (-1)/((10/t)/(-5)). Let b(l) be the first derivative of l**4/4 - 4*l**3/3 + 8. Calculate b(s).
-8
Let p(t) = t**3 - 5*t**2 - 8*t + 7. Let j be p(6). Let s be 2/5 - (-22)/j. Let z(d) = -d**3 - 5*d**2 - 4*d + 2. What is z(s)?
2
Let d(r) = -r**3 + 4*r**2 + 2*r - 6. Let i be d(4). Let t be -4*(i - 44/16). Let k(l) be the first derivative of -3*l**2/2 + 2*l + 1. Give k(t).
-7
Let x(o) = 4*o - 3. Let s be 7 + -1 + 6/(-3). Suppose -9 = f + s*q, -f - q + 12 = 4*f. Calculate x(f).
9
Let b be 1/((-3 + -1)/28). Let z(t) = -2*t - 4. What is z(b)?
10
Let m(t) = -2*t**2 + 23*t - 16. Let b(j) = j**2 - 11*j + 8. Let c(s) = 9*b(s) + 4*m(s). Give c(7).
8
Suppose 0 = -3*q + 14*q - 44. Let m(d) = d**3 - 4*d**2 - 4*d + 4. What is m(q)?
-12
Let o(n) = -5*n**3 + 14*n**2 + 8. Let v(z) = -11*z**3 + 29*z**2 - z + 17. Let l be -9*3/(-9)*-2. Let a(c) = l*v(c) + 13*o(c). Give a(-7).
9
Let w(b) = -2*b + 2. Let c be w(2). Let f(d) = 3*d + 3. Give f(c).
-3
Let n(f) = f**2 + 5*f + 6. Suppose -3*g = -0 + 3. Let j = -7 - g. What is n(j)?
12
Suppose 4*z = -z. Let n(g) be the first derivative of -g**2/2 - 9*g + 2. Give n(z).
-9
Let h(y) = -3*y**2 + 0*y + 11*y**3 - 7*y**2 - 16*y - 6*y**3. Let u(f) = -f**3 + 2*f**2 + 3*f. Let k(t) = -2*h(t) - 11*u(t)